
Is 847714961 a prime number?
True
Is 1522246445 composite?
True
Is 19199648411 a prime number?
False
Is 83858053 prime?
False
Is 61523694749 prime?
False
Is 25232157277 a prime number?
False
Is 152128981 a prime number?
True
Is 5908078357 prime?
False
Is 6704998249 composite?
True
Is 586292803 a prime number?
False
Is 753276449 a composite number?
False
Is 8879364311 a prime number?
True
Is 1505048929 a prime number?
True
Is 7822296347 a prime number?
True
Is 795320191 a prime number?
True
Is 3582630074 prime?
False
Is 1379812339 composite?
False
Is 9785349443 a prime number?
True
Is 3388753507 prime?
False
Is 2286073789 composite?
False
Is 42303898407 a prime number?
False
Is 4047315379 a composite number?
False
Is 29223595123 prime?
True
Is 2728120673 prime?
False
Is 82382856355 a prime number?
False
Is 250728473 a composite number?
False
Is 629420299 a composite number?
True
Is 411730381 a prime number?
False
Is 49352657087 composite?
False
Is 60909749 a prime number?
True
Is 908128889 prime?
False
Is 739692329 a prime number?
True
Is 147214729 a prime number?
True
Is 2041603341 composite?
True
Is 21538084727 a composite number?
False
Is 276435259 a prime number?
True
Is 251866981 a composite number?
False
Is 3960744209 a prime number?
True
Is 919923149 prime?
False
Is 609658849 a composite number?
True
Is 3086500327 a composite number?
True
Is 87338246819 a prime number?
True
Is 1472954521 a prime number?
False
Is 4274198455 a composite number?
True
Is 20623741661 a composite number?
True
Is 140407573 composite?
True
Is 8325290009 a prime number?
True
Is 302756941567 a prime number?
False
Is 149207251 a composite number?
False
Is 12995741491 a prime number?
True
Is 1308581347 prime?
False
Is 24891059233 prime?
False
Is 19789487017 a composite number?
True
Is 31699168207 a composite number?
True
Is 2953946609 prime?
False
Is 5727528223 a prime number?
True
Is 3471601351 a prime number?
True
Is 35059389819 prime?
False
Is 2653420811 a prime number?
False
Is 1766216741 a composite number?
True
Is 12549174277 composite?
False
Is 894070999 a composite number?
True
Is 320111159 prime?
False
Is 316189141 a prime number?
False
Is 122253823 a composite number?
False
Is 10319341933 prime?
False
Is 5782429033 a prime number?
True
Is 706408691 composite?
False
Is 9123506701 composite?
True
Is 503311223 a composite number?
True
Is 86630282467 a prime number?
False
Is 10986654197 composite?
True
Is 9657706501 a composite number?
True
Is 13207285789 prime?
True
Is 401766569 a composite number?
False
Is 28275316679 prime?
False
Is 2533755313 composite?
True
Is 9869181697 prime?
True
Is 6184456627 a prime number?
True
Is 957792463 composite?
False
Is 69789481 prime?
True
Is 27876706877 a prime number?
True
Is 1108550633 prime?
True
Is 13140484891 composite?
False
Is 350844797 composite?
False
Is 5725893 a composite number?
True
Is 337959637 prime?
False
Is 41549873759 a prime number?
False
Is 65507807 a prime number?
False
Is 3533380937 a prime number?
False
Is 34429123 prime?
True
Is 62531032127 prime?
False
Is 17543452519 a prime number?
True
Is 15516856741 a composite number?
False
Is 434333917 a composite number?
True
Is 16593612239 composite?
False
Is 5716015541 a composite number?
True
Is 20208710399 prime?
True
Is 1502338003 prime?
False
Is 11747656729 a prime number?
True
Is 30483232651 composite?
False
Is 190177791821 composite?
False
Is 1206988759 a composite number?
True
Is 27718679113 a prime number?
False
Is 303552061 composite?
False
Is 168763677 a prime number?
False
Is 164004586 a prime number?
False
Is 25916114537 composite?
False
Is 45894785819 composite?
False
Is 13168102177 composite?
False
Is 48385239271 a composite number?
False
Is 6115498501 prime?
False
Is 4221649594 composite?
True
Is 829631953 prime?
False
Is 4705032957 a composite number?
True
Is 3783429859 composite?
True
Is 36238612427 prime?
False
Is 19614246807 a prime number?
False
Is 860953838 composite?
True
Is 42008114789 a prime number?
True
Is 9966161819 a prime number?
True
Is 924397993 prime?
False
Is 30876227371 composite?
True
Is 4377710243 prime?
True
Is 1789035191 composite?
True
Is 1618683709 prime?
True
Is 394600727 composite?
False
Is 39473320811 prime?
True
Is 94774200853 a prime number?
True
Is 486812897 prime?
False
Is 362655079 composite?
True
Is 252330581 prime?
True
Is 1276674935 a prime number?
False
Is 1688437214 prime?
False
Is 145362913 a prime number?
False
Is 7741520957 a prime number?
True
Is 1036723769 composite?
False
Is 57217380833 a composite number?
False
Is 877237877 prime?
True
Is 1669367857 composite?
False
Is 10876445533 composite?
False
Is 3315513779 composite?
True
Is 228775723 composite?
True
Is 1566747337 a prime number?
False
Is 3142747051 a composite number?
True
Is 75709734251 prime?
True
Is 3025897237 a prime number?
False
Is 43360762559 composite?
True
Is 2346969461 a prime number?
True
Is 4678922363 a prime number?
True
Is 28104289139 composite?
True
Is 59077461481 a composite number?
True
Is 2401507931 a composite number?
False
Is 126234323 a composite number?
False
Is 2054411 a prime number?
False
Is 22896981191 a composite number?
True
Is 2038034081 prime?
True
Is 59247707 prime?
True
Is 8461546699 a prime number?
True
Is 1276750297 a composite number?
False
Is 5092796593 composite?
True
Is 4073981663 composite?
True
Is 11090129807 composite?
True
Is 31485169169 composite?
True
Is 4615928879 composite?
True
Is 7537165939 a composite number?
False
Is 2328946769 a composite number?
False
Is 11656674859 a composite number?
True
Is 394996163 a composite number?
False
Is 11814445858 composite?
True
Is 1133590303 a composite number?
False
Is 954541837 a composite number?
True
Is 98095792841 prime?
True
Is 3291095683 composite?
False
Is 359431549 a prime number?
True
Is 3520653187 composite?
False
Is 10834358939 a prime number?
False
Is 1684997789 composite?
True
Is 185323807 a composite number?
False
Is 5833834339 a prime number?
True
Is 75569218279 a prime number?
False
Is 4565349587 prime?
True
Is 6329676721 prime?
True
Is 2843733335 composite?
True
Is 2707648613 a prime number?
True
Is 649599689 a prime number?
True
Is 10485341 a prime number?
False
Is 19174847 a composite number?
True
Is 5322249683 prime?
True
Is 5045526287 composite?
True
Is 8428826611 composite?
False
Is 40229769253 prime?
True
Is 33861605407 prime?
False
Is 3563893513 prime?
True
Is 133346765339 composite?
False
Is 588168929 a composite number?
False
Is 85950489551 a composite number?
False
Is 582285881 prime?
True
Is 38398985969 a composite number?
False
Is 772658819 a composite number?
False
Is 1640636359 a composite number?
True
Is 3000019417 composite?
True
Is 36088364327 a prime number?
True
Is 7255715017 composite?
False
Is 24426317987 composite?
False
Is 215216904835 prime?
False
Is 1101089567 composite?
True
Is 17189387283 composite?
True
Is 309691191 a prime number?
False
Is 4432492939 prime?
False
Is 2091063449 a prime number?
False
Is 1687089941 prime?
True
Is 8275501667 prime?
True
Is 1337024593 prime?
True
Is 63739002515 a composite number?
True
Is 106314058241 a prime number?
False
Is 1024458793 prime?
False
Is 6078938561 composite?
False
Is 1718789867 composite?
False
Is 514459349 prime?
False
Is 244082017 a composite number?
False
Is 2110476079 composite?
True
Is 12054522023 a composite number?
False
Is 19114899283 composite?
False
Is 1705286321 a composite number?
False
Is 2322202331 a prime number?
False
Is 629469989 a composite number?
True
Is 25033897877 a prime number?
True
Is 22957514519 composite?
True
Is 421811449 prime?
False
Is 362060063 prime?
True
Is 517708417522 prime?
False
Is 1284255373 composite?
False
Is 13216770323 prime?
False
Is 29474928209 a prime number?
False
Is 27891396557 a composite number?
True
Is 5824003921 composite?
False
Is 26895575121 a composite number?
True
Is 291921061 a composite number?
False
Is 9619331149 a composite number?
True
Is 31978509967 a prime number?
True
Is 11270150521 prime?
False
Is 1502209567 prime?
True
Is 9971198101 prime?
True
Is 1319166451 prime?
True
Is 5344741013 prime?
False
Is 55789241 prime?
True
Is 1465357477 a composite number?
True
Is 9185015999 a prime number?
False
Is 3919